{"id":846,"date":"2024-10-11T19:33:02","date_gmt":"2024-10-11T19:33:02","guid":{"rendered":"https:\/\/heliopsi.com\/novo\/?page_id=846"},"modified":"2025-04-19T16:10:09","modified_gmt":"2025-04-19T19:10:09","slug":"sobre-nos","status":"publish","type":"page","link":"https:\/\/engtoldosepersianas.com.br\/?page_id=846","title":{"rendered":"Sobre N\u00f3s"},"content":{"rendered":"\t\t<div data-elementor-type=\"wp-page\" data-elementor-id=\"846\" class=\"elementor elementor-846\">\n\t\t\t\t<div class=\"elementor-element elementor-element-7a89921 e-flex e-con-boxed wpr-particle-no wpr-jarallax-no wpr-parallax-no wpr-sticky-section-no wpr-equal-height-no e-con e-parent\" data-id=\"7a89921\" data-element_type=\"container\" data-e-type=\"container\">\n\t\t\t\t\t<div class=\"e-con-inner\">\n\t\t<div class=\"elementor-element elementor-element-1c58dd7 e-con-full e-flex wpr-particle-no wpr-jarallax-no wpr-parallax-no wpr-sticky-section-no wpr-equal-height-no e-con e-child\" data-id=\"1c58dd7\" data-element_type=\"container\" data-e-type=\"container\" data-settings=\"{&quot;background_background&quot;:&quot;classic&quot;}\">\n\t\t<div class=\"elementor-element elementor-element-ee57c30 e-con-full e-flex wpr-particle-no wpr-jarallax-no wpr-parallax-no wpr-sticky-section-no wpr-equal-height-no e-con e-child\" data-id=\"ee57c30\" data-element_type=\"container\" data-e-type=\"container\">\n\t\t\t\t<div class=\"elementor-element elementor-element-2c2bc7b elementor-widget elementor-widget-heading\" data-id=\"2c2bc7b\" data-element_type=\"widget\" data-e-type=\"widget\" data-widget_type=\"heading.default\">\n\t\t\t\t<div class=\"elementor-widget-container\">\n\t\t\t\t\t<h2 class=\"elementor-heading-title elementor-size-default\">Sobre N\u00f3s<\/h2>\t\t\t\t<\/div>\n\t\t\t\t<\/div>\n\t\t\t\t<div class=\"elementor-element elementor-element-4ce3b51 elementor-widget elementor-widget-text-editor\" data-id=\"4ce3b51\" data-element_type=\"widget\" data-e-type=\"widget\" data-widget_type=\"text-editor.default\">\n\t\t\t\t<div class=\"elementor-widget-container\">\n\t\t\t\t\t\t\t\t\t<p>Na Engetoldos, entendemos que seu im\u00f3vel \u00e9 muito mais do que um espa\u00e7o f\u00edsico. \u00c9 o lugar onde voc\u00ea vive seus melhores momentos, cria mem\u00f3rias e expressa sua personalidade.<\/p><p>Nossa miss\u00e3o \u00e9 construir la\u00e7os duradouros com nossos clientes, oferecendo um servi\u00e7o personalizado e transparente em todas as etapas do projeto. Acreditamos que a comunica\u00e7\u00e3o clara e a colabora\u00e7\u00e3o s\u00e3o fundamentais para alcan\u00e7ar resultados excepcionais.<\/p><p><strong>Nossos Valores:<\/strong><\/p><ul class=\"elementor-icon-list-items\"><li class=\"elementor-icon-list-item\"><span class=\"elementor-icon-list-text\"><b>Excel\u00eancia:\u00a0<\/b>Buscamos a perfei\u00e7\u00e3o em tudo o que fazemos.<\/span><\/li><li class=\"elementor-icon-list-item\"><span class=\"elementor-icon-list-text\"><b>Personaliza\u00e7\u00e3o: <\/b>Cada projeto \u00e9 \u00fanico e adaptado \u00e0s suas necessidades.<\/span><\/li><li class=\"elementor-icon-list-item\"><span class=\"elementor-icon-list-text\"><b>Inova\u00e7\u00e3o:\u00a0<\/b>Estamos sempre atentos \u00e0s \u00faltimas tend\u00eancias e tecnologias.<\/span><\/li><li class=\"elementor-icon-list-item\"><span class=\"elementor-icon-list-text\"><b>Sustentabilidade:\u00a0<\/b>Integramos solu\u00e7\u00f5es eco-eficientes em nossos projetos.<\/span><\/li><\/ul>\t\t\t\t\t\t\t\t<\/div>\n\t\t\t\t<\/div>\n\t\t\t\t<\/div>\n\t\t<div class=\"elementor-element elementor-element-a627b18 e-con-full e-flex wpr-particle-no wpr-jarallax-no wpr-parallax-no wpr-sticky-section-no wpr-equal-height-no e-con e-child\" data-id=\"a627b18\" data-element_type=\"container\" data-e-type=\"container\">\n\t\t\t\t<div class=\"elementor-element elementor-element-944352f elementor-widget elementor-widget-image\" data-id=\"944352f\" data-element_type=\"widget\" data-e-type=\"widget\" data-widget_type=\"image.default\">\n\t\t\t\t<div class=\"elementor-widget-container\">\n\t\t\t\t\t\t\t\t\t\t\t\t\t\t\t<img fetchpriority=\"high\" decoding=\"async\" width=\"1500\" height=\"1000\" src=\"https:\/\/engtoldosepersianas.com.br\/wp-content\/uploads\/2025\/04\/Design-sem-nome-1.gif\" class=\"attachment-full size-full wp-image-1299\" alt=\"\" \/>\t\t\t\t\t\t\t\t\t\t\t\t\t\t\t<\/div>\n\t\t\t\t<\/div>\n\t\t\t\t<\/div>\n\t\t\t\t<\/div>\n\t\t\t\t\t<\/div>\n\t\t\t\t<\/div>\n\t\t\t\t<\/div>\n\t\t","protected":false},"excerpt":{"rendered":"<p>Sobre N\u00f3s Na Engetoldos, entendemos que seu im\u00f3vel \u00e9 muito mais do que um espa\u00e7o f\u00edsico. \u00c9 o lugar onde voc\u00ea vive seus melhores momentos, cria mem\u00f3rias e expressa sua personalidade. Nossa miss\u00e3o \u00e9 construir la\u00e7os duradouros com nossos clientes, oferecendo um servi\u00e7o personalizado e transparente em todas as etapas do projeto. Acreditamos que a comunica\u00e7\u00e3o clara e a colabora\u00e7\u00e3o s\u00e3o fundamentais para alcan\u00e7ar resultados excepcionais. Nossos Valores: Excel\u00eancia:\u00a0Buscamos a perfei\u00e7\u00e3o em tudo o que fazemos. Personaliza\u00e7\u00e3o: Cada projeto \u00e9 \u00fanico e adaptado \u00e0s suas necessidades. Inova\u00e7\u00e3o:\u00a0Estamos sempre atentos \u00e0s \u00faltimas tend\u00eancias e tecnologias. Sustentabilidade:\u00a0Integramos solu\u00e7\u00f5es eco-eficientes em nossos projetos.<\/p>\n","protected":false},"author":1,"featured_media":0,"parent":0,"menu_order":0,"comment_status":"closed","ping_status":"closed","template":"","meta":{"_joinchat":[],"footnotes":""},"class_list":["post-846","page","type-page","status-publish","hentry"],"_links":{"self":[{"href":"https:\/\/engtoldosepersianas.com.br\/index.php?rest_route=\/wp\/v2\/pages\/846","targetHints":{"allow":["GET"]}}],"collection":[{"href":"https:\/\/engtoldosepersianas.com.br\/index.php?rest_route=\/wp\/v2\/pages"}],"about":[{"href":"https:\/\/engtoldosepersianas.com.br\/index.php?rest_route=\/wp\/v2\/types\/page"}],"author":[{"embeddable":true,"href":"https:\/\/engtoldosepersianas.com.br\/index.php?rest_route=\/wp\/v2\/users\/1"}],"replies":[{"embeddable":true,"href":"https:\/\/engtoldosepersianas.com.br\/index.php?rest_route=%2Fwp%2Fv2%2Fcomments&post=846"}],"version-history":[{"count":33,"href":"https:\/\/engtoldosepersianas.com.br\/index.php?rest_route=\/wp\/v2\/pages\/846\/revisions"}],"predecessor-version":[{"id":1442,"href":"https:\/\/engtoldosepersianas.com.br\/index.php?rest_route=\/wp\/v2\/pages\/846\/revisions\/1442"}],"wp:attachment":[{"href":"https:\/\/engtoldosepersianas.com.br\/index.php?rest_route=%2Fwp%2Fv2%2Fmedia&parent=846"}],"curies":[{"name":"wp","href":"https:\/\/api.w.org\/{rel}","templated":true}]}}